 r(v) = 6*v**2 - 2*v - 3. What is r(-1)?
5
Let g(p) = p**2 - 11*p - 1. Give g(10).
-11
Let o(q) = -q**2 - 3*q + 10. Determine o(7).
-60
Let n(z) = -95*z**3 - z. Give n(-1).
96
Let a(y) = y**3 - 5*y**2 - 4*y - 3. Give a(6).
9
Let w(c) = c**3 + 23*c**2 + 31*c + 36. Calculate w(-22).
-162
Let c(p) = -3*p**2 - 35*p + 3. Determine c(-12).
-9
Let v(k) = -20*k + 1. Calculate v(-1).
21
Let t(g) = -2*g**2 - 21*g - 16. Calculate t(-14).
-114
Let n(a) = a - 15. Give n(10).
-5
Let x(p) = -p**3 + 7*p**2 + 30*p - 5. Determine x(10).
-5
Let u(b) = -15*b + 2. Give u(2).
-28
Let o(k) = -4*k + 33. Give o(8).
1
Let b(l) = -22*l + 63. Give b(3).
-3
Let p(u) = u**2 + 18*u - 104. Determine p(-22).
-16
Let s(g) = -3*g**2 + 11*g + 1. Determine s(9).
-143
Let c(y) = y**3 - 10*y**2 + 10*y - 1. Calculate c(9).
8
Let p(y) = 7*y - 38. Calculate p(5).
-3
Let d(n) = -n**3 + 11*n**2 - 19*n + 6. Determine d(9).
-3
Let f(k) = -k**3 - 18*k**2 - 37*k + 123. Give f(-15).
3
Let g(r) = -5*r. What is g(22)?
-110
Let p(n) = n**3 + 17*n**2 - 12. Determine p(-17).
-12
Let q(z) = -z**2 + 9*z + 8. Calculate q(9).
8
Let i(j) = -j**3 + 12*j**2 - 14*j + 28. What is i(11)?
-5
Let y(n) = -n**2 - 11*n + 18. What is y(-12)?
6
Let y(c) = -18*c + 170. What is y(9)?
8
Let t(q) = -12*q**2 - 2*q + 1. Give t(1).
-13
Let p(m) = -16*m + 69. Give p(5).
-11
Let d(a) = a**3 - 6*a**2 + 6*a - 4. What is d(5)?
1
Let h(j) = 2*j - 48. Give h(21).
-6
Let w(g) = 10*g + 3. Calculate w(-3).
-27
Let v(o) = 81*o + 12. What is v(0)?
12
Let q(d) = -7*d - 231. What is q(-30)?
-21
Let t(u) = u**2 - 4*u + 3. Determine t(-6).
63
Let p(l) = -15*l + 2. What is p(-1)?
17
Let j(z) = -3*z + 9. Give j(4).
-3
Let n(o) = -10*o**3 - 2*o**2 + o + 1. Determine n(-2).
71
Let v(r) = 5*r**2 + 3*r + 6. Determine v(-3).
42
Let o(p) = -8*p + 3. What is o(2)?
-13
Let z(t) = -47*t - 5. What is z(-1)?
42
Let z(j) = -j**2 + 6*j + 16. What is z(-4)?
-24
Let o(l) = l**2 - 14*l + 27. What is o(11)?
-6
Let x(o) = -6*o + 76. Give x(16).
-20
Let s(t) = -2*t**2 + 60*t - 149. Give s(26).
59
Let m(v) = v**3 + 2*v**2 + v + 3. Calculate m(-3).
-9
Let j(n) = -2*n**3 - 47*n**2 + 24*n + 2. Determine j(-24).
2
Let y(z) = -z - 4. Calculate y(-1).
-3
Let d(b) = -43*b + 293. What is d(7)?
-8
Let w(i) = i**3 + 4*i**2 - 2*i + 2. What is w(3)?
59
Let a(w) = 26*w**2 - 182*w + 10. What is a(7)?
10
Let q(x) = 3*x**2 - 4*x + 5. Give q(2).
9
Let w(x) = -x**3 - 2*x**2 + 5*x + 5. Determine w(-3).
-1
Let i(v) = -v**3 + v**2 + 5*v + 3. Give i(4).
-25
Let i(s) = s**3 - 12*s**2 + 11*s - 13. Give i(11).
-13
Let s(n) = n**3 - 11*n**2 - 7*n - 11. Determine s(12).
49
Let h(d) = d + 2. Calculate h(15).
17
Let s(b) = -7*b - 49. Determine s(-8).
7
Let x(u) = -u**2 - 13*u + 2. Give x(-13).
2
Let y(w) = -10*w - 5. What is y(3)?
-35
Let u(m) = m**2 - 62*m + 954. Give u(34).
2
Let g(q) = -4*q + 2. Give g(-11).
46
Let l(i) = i**2 - i + 2. What is l(2)?
4
Let p(a) = -2*a + 8. Give p(7).
-6
Let f(j) = -2*j**2 - 10*j - 3. Determine f(-5).
-3
Let i(u) = -u**3 - 7*u**2 - 9*u + 2. Give i(-5).
-3
Let o(u) = 6*u**3 + u**2 + 2*u - 1. Give o(-2).
-49
Let u(j) = -2*j**3 + 34*j**2 + 5*j - 31. Determine u(17).
54
Let n(i) = -i**3 - 7*i**2 - 4*i + 19. Determine n(-6).
7
Let q(u) = -u**3 - 23*u**2 - 2*u - 45. What is q(-23)?
1
Let v(q) = -q**2 + 18*q - 35. Give v(16).
-3
Let m(k) = -k**3 + 10*k**2 - 9*k - 10. Calculate m(8).
46
Let v(s) = 74*s**3 + 2*s. What is v(-1)?
-76
Let u(r) = 5*r - 146. Give u(33).
19
Let m(c) = c**2 - 9*c + 9. Determine m(6).
-9
Let v(u) = -2*u**2 - 11*u - 27. Calculate v(-7).
-48
Let v(x) = -x**3 - x**2 + x + 11. Determine v(0).
11
Let l(b) = -26*b - 811. What is l(-31)?
-5
Let h(l) = l**3 + 22*l**2 + 20*l - 18. Calculate h(-21).
3
Let k(x) = 3*x**3 + 11*x**2 + 4*x + 2. Calculate k(-2).
14
Let j(a) = a**3 - 6*a**2 + 2*a. Calculate j(5).
-15
Let m(v) = -v**3 - 7*v**2 + 16*v + 53. Give m(-8).
-11
Let k(f) = f**2 + 7*f + 13. Calculate k(-4).
1
Let b(a) = -2*a**2 + 3*a. Calculate b(3).
-9
Let q(n) = n**2 - 25*n + 58. Calculate q(23).
12
Let a(p) = -p**3 + 7*p**2 - 7*p + 5. Give a(2).
11
Let d(m) = 3*m**3 + 3*m**2 + 2*m + 4. Calculate d(-2).
-12
Let u(h) = h**3 - 4*h**2 - h - 4. Calculate u(4).
-8
Let m(l) = 13*l**2 + l. Calculate m(-1).
12
Let o(x) = x + 2. Calculate o(-1).
1
Let y(v) = v**2 + 10*v + 4. Give y(-7).
-17
Let t(c) = c**2 + 12*c + 25. Calculate t(-9).
-2
Let o(p) = 7*p - 114. Determine o(16).
-2
Let z(i) = -i**3 - 6*i**2 - 2*i - 31. Determine z(-7).
32
Let h(x) = 5*x - 3. Give h(-2).
-13
Let b(v) = v**3 - 11*v**2 - 12*v + 14. Determine b(12).
14
Let w(s) = s**3 - 6*s**2 + s - 9. Give w(6).
-3
Let t(w) = -w**2 - 3*w + 23. Determine t(-7).
-5
Let n(p) = -p. Determine n(1).
-1
Let u(m) = -24*m + 159. Determine u(7).
-9
Let b(c) = -c**2 - 3*c - 1. Give b(-6).
-19
Let t(z) = z**2 - 9*z - 17. Determine t(10).
-7
Let u(m) = m**2 + 12*m + 15. What is u(-8)?
-17
Let d(l) = -8*l - 22. What is d(4)?
-54
Let m(o) = -o**2 + 4*o + 3. Calculate m(4).
3
Let a(d) = d**2 + 7*d + 2. What is a(-7)?
2
Let n(m) = -m**3 + 10*m**2 - 9*m - 15. Give n(9).
-15
Let n(b) = 58*b - 290. Calculate n(5).
0
Let m(a) = 11*a + 5. Give m(-5).
-50
Let c(a) = 38*a**2 - 3*a - 4. Give c(2).
142
Let w(i) = -i**2 + 2*i + 11. Calculate w(-2).
3
Let k(d) = -d**3 + 6*d**2 + 4*d + 17. Calculate k(7).
-4
Let r(f) = -4*f**2 + 2*f + 12. Determine r(-4).
-60
Let y(c) = -c. What is y(-1)?
1
Let l(r) = -18*r + 4. What is l(-2)?
40
Let i(z) = -2*z - 2. Determine i(7).
-16
Let b(r) = r**2 - 9*r + 3. Calculate b(9).
3
Let o(j) = -j**3 - 4*j**2 + 2*j - 6. Determine o(-3).
-21
Let v(s) = 9*s + 3. Determine v(-1).
-6
Let t(d) = -d**2 + 4*d + 9. Give t(-4).
-23
Let s(o) = -o - 7. Calculate s(-6).
-1
Let l(z) = -2*z**3 + z**2 + 6*z - 8. Calculate l(2).
-8
Let o(y) = -y**3 + 7*y**2 + 3*y - 24. Calculate o(8).
-64
Let x(k) = -12*k**3 + 2*k**2 - 1. What is x(-1)?
13
Let j(o) = -4*o**2 - 30*o + 31. What is j(1)?
-3
Let j(q) = -5*q - 14. Give j(6).
-44
Let u(f) = -f**2 + 19*f - 85. Give u(9).
5
Let v(a) = a**3 - 10*a**2 + 2*a - 24. What is v(10)?
-4
Let s(r) = -10*r - 16. Determine s(4).
-56
Let c(a) = -2*a + 87. Calculate c(37).
13
Let y(f) = 15*f - 1. Determine y(5).
74
Let p(d) = -5*d - 8. What is p(-11)?
47
Let m(a) = a**2 + 3*a - 4. What is m(3)?
14
Let b(n) = n**3 + 4*n**2 + n - 7. What is b(-3)?
-1
Let f(k) = k**2 - 7*k - 2. Calculate f(0).
-2
Let z(c) = c**2 - 19*c - 46. Give z(21).
-4
Let d(f) = 53*f - 1. Determine d(-1).
-54
Let p(y) = -2*y**2 - 7*y + 51. What is p(4)?
-9
Let i(k) = k**2 - 24*k - 40. Determine i(26).
12
Let v(o) = 17*o - 130. What is v(7)?
-11
Let j(b) = -5*b - 43. Give j(-12).
17
Let d(i) = -i - 7. Calculate d(4).
-11
Let o(s) = -s**3 - 4*s**2 - 2*s + 2. Determine o(-2).
-2
Let d(h) = 19*h**3 - 2*h**2 + h + 1. What is d(1)?
19
Let z(i) = -13*i**3 + i. Give z(-1).
12
Let y(w) = -w**3 + 6*w**2 + 7*w - 9. Determine y(7).
-9
Let b(f) = 2*f**2 - 61*f - 179. Calculate b(33).
-14
Let k(f) = 5*f. What is k(4)?
20
Let o(r) = 2*r**2 - 9*r + 17. What is o(4)?
13
Let h(l) = 3*l**3 - 19*l**2 - 14*l - 4. Give h(7).
-4
Let o(n) = 2*n**2 - 2*n - 4. What is o(3)?
8
Let z(x) = -x**3 - 3*x**2 + 22*x + 17. Determine z(-6).
-7
Let g(w) = w**2 + 29*w + 59. Give g(-18).
-139
Let d(o) = -o**3 + 3*o**2 - 3*o - 2. Calculate d(2).
-4
Let s(k) = -k**3 - 2*k - 7. Determine s(0).
-7
Let t(q) = -4*q - 108. What is t(-25)?
-8
Let p(a) = -a**3 + 24*a**2 - 46*a + 34. Calculate p(22).
-10
Let y(x) = 2*x**3 + 6. Determine y(-3).
-48
Let k(b) = b**2 - 8*b - 5. Determine k(9).
4
Let z(w) = -w**3 - 3*w + 71. Give z(0).
71
Let i(p) = p**3 + 4*p**2 - 7*p - 7. Determine i(-6).
-37
Let i(h) = h**3 + 4*h**2 - 4*h + 6. Give i(-5).
1
Let m(v) = v**2 - 34*v + 174. Give m(28).
6
Let q(v) = -2*v + 14. Give q(7).
0
Let x(l) = -125*l + 1003. Calculate x(8).
3
Let k(a) = -a**3 + 7*a**2 + 2*a + 8. Determine k(7).
22
Let q(s) = s**2 - 2*s + 5. What is q(0)?
5
Let g(w) = w**2 + 12*w - 6. Determine g(-12).
-6
Let o(s) = -3*s + 8. Calculate o(-6).
26
Let d(i) = i**2 - 2*i + 6. Calculate d(5).
21
Let x(q) = 5*q**2 + q. Determine x(1).
6
Let w(m) = m**3 + 7*m**2 - 3*m - 55. Determine w(-6).
-1
Let u(r) = -63*r + 5. Determine u(1).
-58
Let v(k) = 7*k + 1. Calculate v(9).
64
Let m(c) = -57*c. Give m(1).
-57
Let p(g) = 16*g**3 - g**2 - 5*g - 6. Calculate p(-2